is the remainder when k is divided by d?
2
Let i(l) = -l**2 + 7*l - 3. Suppose 3*w - 3*a = -4 + 13, -5*w = 3*a - 39. What is the remainder when (40 - 42)/(2/(-9)) is divided by i(w)?
0
Suppose v + 501 = 4*v. Calculate the remainder when v is divided by (-22)/(-4)*4012/649.
31
Suppose -5*f = -q - 1841 - 448, -5 = -5*q. What is the remainder when f is divided by 27?
26
Let l be (-202)/(-6) + 2/(-3). Suppose -2*i = -4*i. Suppose i = 2*x + 3 - l. What is the remainder when 44 is divided by x?
14
Let v(m) = m**2 + 4*m - 5. Let j be v(-5). Let u(k) = 5*k**2 - 2 - 2*k**2 + j*k**2. Calculate the remainder when 28 is divided by u(2).
8
Suppose 0 = 100*l - 165*l + 16380. Calculate the remainder when l is divided by 62.
4
Suppose -26 = -5*p + 4*p - 2*y, 0 = -4*p - y + 69. Calculate the remainder when 77 is divided by p.
13
Suppose 0 = -4*k - 20 + 4. Let i be -2 - 4*(k - -3). Suppose 4*j + 62 = -0*q + 2*q, -i*q + 3*j = -63. Calculate the remainder when q is divided by 17.
16
Calculate the remainder when 82 is divided by (-2)/(-6) + (-140)/(-12).
10
Suppose -5*w + 154 + 51 = 0. Let j = w + -34. What is the remainder when 2/(-8) - (-77)/4 is divided by j?
5
Suppose -5*v = -6*v + 79. Let x(w) = -4*w - 5. What is the remainder when v is divided by x(-8)?
25
Suppose j - 8 = 7. Suppose -33 + 5 = -k. What is the remainder when k is divided by j?
13
What is the remainder when (17/51)/(1079/(-270) - -4) is divided by 24?
18
Let w(a) = -3*a**3 + 25*a**2 - 5*a - 6. Let k = -35 + 70. Calculate the remainder when k is divided by w(8).
17
Let a(v) = -v**3 + 8*v**2 - 9*v + 1. Suppose -12 = -3*k, 0*t + 2*t - 4 = 2*k. Calculate the remainder when 52 is divided by a(t).
14
Suppose -g + 28 = 4*o, 0*g + g - 5*o = 73. Let b = -41 - -41. Suppose 2*y - 48 - 2 = b. Calculate the remainder when g is divided by y.
23
Let j(i) = i**2 - 3*i + 6. Let d = -430 + 500. What is the remainder when d is divided by j(6)?
22
Let i = 83 + -32. Calculate the remainder when i is divided by 16.
3
Suppose 2*k - 40 = 2. Calculate the remainder when 292 is divided by k.
19
Let v(w) = 3*w + 22. Let z(n) = -7*n - 43. Let o(t) = 5*v(t) + 2*z(t). Calculate the remainder when 39 is divided by o(-13).
6
Let s(o) = -7*o + 16*o - 5*o + 1 - 3*o. Suppose -z + 22 = z. Calculate the remainder when 35 is divided by s(z).
11
Suppose -42*d + 45*d - 63 = 0. Suppose 0 = -3*m + 4*m - d. What is the remainder when 36 is divided by m?
15
Let l = 104 + -53. Calculate the remainder when 251 is divided by l.
47
Let w(s) = -1 - 4*s**2 - 6 - 73*s + 75*s - s**3. Suppose z = 4*z + 15. What is the remainder when 21 is divided by w(z)?
5
Suppose 5 = 4*i - 55. Let g = -42 - -59. Let x = 23 - g. Calculate the remainder when i is divided by x.
3
Let t = -291 - -360. Suppose 5*r - 2*k - 100 = 3*k, 4*r - 3*k = 79. Calculate the remainder when t is divided by r.
12
Let a(u) = -8*u - 2. Let x be a(2). What is the remainder when 23 is divided by 360/26 - x/117?
9
Suppose 0 = 2*k - 134 - 222. Calculate the remainder when k is divided by 18.
16
Suppose 6 - 180 = -2*p. Suppose 23 - p = -4*i. What is the remainder when i is divided by -2 - (0 + (-10 - 1))?
7
Let q = -334 - -363. Let t = 158 - 72. What is the remainder when t is divided by q?
28
Let y = -20 - -31. Suppose 6*d - d - y = q, 0 = 5*q - d - 17. Calculate the remainder when 23 is divided by q.
3
Suppose o - 6 = -3. Suppose -u - 5*n + 56 - 11 = 0, 3*u = o*n + 117. What is the remainder when u is divided by 0 - (2 - -1) - -24?
19
Let x = 131 + -461. Suppose 0 = -4*d + d + 18. Calculate the remainder when 27 is divided by (2/d)/((-11)/x).
7
Let u = 30 - 7. What is the remainder when 42 is divided by u?
19
What is the remainder when 108 is divided by (-321 - 7)/(-8) + 8?
10
Let d(u) = -4*u + 211. Calculate the remainder when 43 is divided by d(45).
12
Let w be (4/1)/4 + 55. Let s = 66 - w. What is the remainder when s is divided by 6?
4
Suppose -5*c = 4*o - 15 - 15, 2*o + 12 = 2*c. Calculate the remainder when 376 is divided by c.
4
Let d = 244 - -83. Let n = d + -190. Calculate the remainder when n is divided by 20.
17
Suppose 18*p = 1044 + 378. What is the remainder when p is divided by 25?
4
Let b(r) = -r**3 - 13*r**2 - 2*r - 25. Let k be b(-13). Calculate the remainder when (130/(-91))/(k/(-14)) is divided by 12.
8
Suppose -3*u = 3*t - 42, -7*t - 42 = -3*u - 9*t. Calculate the remainder when u is divided by 4.
2
Suppose 7*x = 24 + 95. What is the remainder when 49 is divided by x?
15
Suppose 4*l = 5*l - 5*m - 24, 144 = 5*l - m. What is the remainder when 82 is divided by l?
24
Let h(n) = 4*n**2 + n + 12. What is the remainder when h(-5) is divided by 10?
7
Let h = 159 + -140. Calculate the remainder when h is divided by 16.
3
Let j = 15 + -15. Suppose 0 = 5*v - 0*f - f - 19, 3*v + 4*f - 16 = j. Suppose l - 310 = -v*l. Calculate the remainder when l is divided by 16.
14
Let q(b) = 18*b**2 - 3*b - 1. Suppose a + 94 = 4*m, -3*a - 2*a + 130 = 5*m. What is the remainder when m is divided by q(1)?
10
Suppose 54*t = 2991 + 6027. Calculate the remainder when t is divided by 50.
17
Suppose 9*v - 498 - 114 = 0. What is the remainder when v is divided by 12?
8
What is the remainder when 963/(-2247) + -1 + (-6464)/(-7) is divided by 13?
12
Let r be ((-12)/6 - -5) + (18 - -2). Let k(b) = b**2 - 20*b - 42. Let c(a) = -15*a. What is the remainder when k(r) is divided by c(-1)?
12
Let j = 26 - 48. Let o = -4 - j. Calculate the remainder when 53 is divided by o.
17
Let t(a) = 49*a + 73. Let f(g) = -12*g - 18. Let o(r) = 9*f(r) + 2*t(r). Calculate the remainder when o(-11) is divided by 26.
16
Let s(j) = j**2 + 39*j - 476. What is the remainder when 439 is divided by s(-50)?
69
Suppose 75 = -9*t + 399. Calculate the remainder when t is divided by 23.
13
What is the remainder when 258 is divided by (-247)/(-5) + (2 - 144/60)?
13
What is the remainder when (3*(-5 + 27))/((-30)/(-435)) is divided by 31?
27
Suppose -12*b + 2168 = -220. What is the remainder when b is divided by 67?
65
Let i(c) = c**3 + 2*c**2 - 4*c - 2. Let y be i(4). Suppose w - y = -w. Let d = w - 24. What is the remainder when 44 is divided by d?
14
Let q be ((100/15)/(-10))/((-1)/6). Suppose -q*o = -3*w + 85, 4*w - 4*o + 2*o = 110. Calculate the remainder when w is divided by 5.
2
Suppose -5*m + 38 + 2 = 0. Let v(h) = -6*h**2 + 61*h + 17. What is the remainder when v(10) is divided by m?
3
Let l be 1*(-8 - -3)*(1 + -2). Suppose -17*f + 12*f + l = 0. Calculate the remainder when 7 is divided by f.
0
Suppose 2*k + 45 = 5*k. Let h(b) = -15*b**3 - 6*b**2 + 7*b - 5. Let n be h(2). What is the remainder when 9/(n/(-20))*21 is divided by k?
13
Let k = -33 + 36. Suppose -3*n = 5*t - 4*n - 78, 66 = 5*t + k*n. What is the remainder when 41 is divided by t?
11
Suppose -5*k + 31 = 3*v, 7*v - 2*v - 15 = -k. Suppose h + v*h = 117. Calculate the remainder when h is divided by 11.
6
Calculate the remainder when 672 is divided by ((-225)/60)/((-6)/72).
42
Let w = 20 + -101. What is the remainder when 4/(-18) + (-1233)/w is divided by 2 - (-3 + -1 + -2)?
7
Let a = -56 + 67. Suppose 4*p + 5*o - 40 = p, -p = 2*o - 13. Suppose -5*w = -p, 6*w + 45 = 2*k + w. Calculate the remainder when k is divided by a.
8
Suppose -5*i - 3*s + 4*s + 165 = 0, -135 = -5*i - 5*s. Suppose 35 = y + i. What is the remainder when 7 is divided by y?
1
Let b(p) = -p**3 + 10*p**2 - 8*p - 31. Calculate the remainder when b(7) is divided by 9.
6
Let x(f) = -5*f**3 + 46*f**2 - 5*f - 1. What is the remainder when 104 is divided by x(9)?
34
Calculate the remainder when 0 + (-13)/((-52)/24) + 41 is divided by 16.
15
Suppose -4*i = -5*i + 4. Suppose -i*d - 22 = -90. What is the remainder when 50 is divided by d?
16
Suppose 0 = -2*d + 2*x + 66, 0*d - 3*d - 3*x + 99 = 0. Let o = 19 + -133. Let a = o + 211. What is the remainder when a is divided by d?
31
Suppose j - 5*a - 39 = 0, -a = j + 2*j - 53. Let h = -3 + 7. Suppose -29 = -h*c + 15. Calculate the remainder when j is divided by c.
8
Suppose -99 = -p + 85. Calculate the remainder when p is divided by 47.
43
Let g = 419 - 394. What is the remainder when g is divided by 23?
2
Let y(f) = 7*f + 9. Suppose 2*s - 40 = b, -s + 70 = 2*s + b. Calculate the remainder when y(11) is divided by s.
20
Suppose -11*f - 193 = -i - 13*f, 4*i - 